f 975061.
19, 37, 73
List the prime factors of 7765301.
29, 37, 7237
List the prime factors of 6896238.
2, 3, 1149373
List the prime factors of 14990327.
11, 123887
List the prime factors of 147435463.
7, 421, 1021
List the prime factors of 2009244911.
2009244911
What are the prime factors of 84268310?
2, 5, 7, 127, 9479
What are the prime factors of 1613585931?
3, 89, 6043393
List the prime factors of 32696832.
2, 3, 7, 3041
What are the prime factors of 207416230?
2, 5, 7, 131, 22619
What are the prime factors of 859468915?
5, 17, 1877, 5387
List the prime factors of 12461213.
29, 59, 7283
What are the prime factors of 384882758?
2, 13, 811, 18253
List the prime factors of 422880881.
37, 881, 12973
What are the prime factors of 2045212?
2, 13, 37, 1063
List the prime factors of 57811784.
2, 307, 23539
What are the prime factors of 1014133744?
2, 13, 79, 61717
List the prime factors of 49435290.
2, 3, 5, 549281
What are the prime factors of 40175880?
2, 3, 5, 19, 67, 263
List the prime factors of 628669615.
5, 7, 31, 727, 797
What are the prime factors of 256689680?
2, 5, 13, 246817
List the prime factors of 3214900586.
2, 19, 83, 149, 6841
List the prime factors of 1442707070.
2, 5, 7, 701, 29401
What are the prime factors of 57887720?
2, 5, 11, 17, 71, 109
What are the prime factors of 34124259?
3, 13, 41, 21341
List the prime factors of 452860316.
2, 37, 821, 3727
What are the prime factors of 27681802?
2, 263, 52627
What are the prime factors of 316767?
3, 11, 29, 331
What are the prime factors of 13972657?
17, 19, 181, 239
What are the prime factors of 30194574?
2, 3, 281, 17909
List the prime factors of 481854712.
2, 4027, 14957
What are the prime factors of 147496285?
5, 29499257
List the prime factors of 55386299.
37, 1496927
List the prime factors of 3539665239.
3, 11, 61, 1758403
What are the prime factors of 165842460?
2, 3, 5, 7, 18803
List the prime factors of 577822164.
2, 3, 59, 816133
What are the prime factors of 2547539330?
2, 5, 7, 36393419
What are the prime factors of 1456621170?
2, 3, 5, 89, 545551
What are the prime factors of 196588230?
2, 3, 5, 1889, 3469
What are the prime factors of 235891753?
2053, 114901
List the prime factors of 7031733219.
3, 7, 2543, 43891
What are the prime factors of 3458877056?
2, 27022477
What are the prime factors of 894687300?
2, 3, 5, 13, 47, 1627
List the prime factors of 86446327.
11, 41, 191677
What are the prime factors of 4514463173?
11, 61, 55603
List the prime factors of 2174805157.
7, 89, 3490859
What are the prime factors of 301100855?
5, 11, 17, 251, 1283
List the prime factors of 10893486.
2, 3, 103, 17627
List the prime factors of 896338325.
5, 59, 557, 1091
What are the prime factors of 11620141?
13, 893857
What are the prime factors of 777109209?
3, 31, 8356013
What are the prime factors of 43352823?
3, 14450941
List the prime factors of 43571351.
19, 71, 32299
What are the prime factors of 29266226?
2, 11, 89, 14947
What are the prime factors of 108011416?
2, 13501427
What are the prime factors of 42460519?
311, 439
What are the prime factors of 9340835?
5, 7, 37, 7213
List the prime factors of 1737650100.
2, 3, 5, 5792167
List the prime factors of 56670562.
2, 13, 59, 36943
List the prime factors of 13131719.
13131719
What are the prime factors of 205792628?
2, 2341, 21977
List the prime factors of 103834635.
3, 5, 6922309
What are the prime factors of 21453791?
21453791
List the prime factors of 98619727.
163, 313, 1933
What are the prime factors of 469242706?
2, 3347, 70099
List the prime factors of 30214567.
211, 143197
What are the prime factors of 792769739?
6637, 119447
What are the prime factors of 1899924989?
223, 8519843
What are the prime factors of 2837918029?
14293, 198553
What are the prime factors of 2452969079?
11, 222997189
What are the prime factors of 1741266732?
2, 3, 367, 395383
List the prime factors of 2448033800.
2, 5, 997, 12277
What are the prime factors of 14890990?
2, 5, 1489099
What are the prime factors of 55700467?
55700467
List the prime factors of 85378842.
2, 3, 29, 163561
List the prime factors of 3465747995.
5, 693149599
What are the prime factors of 150077752?
2, 11, 197, 787
What are the prime factors of 1871303?
7, 23, 59, 197
List the prime factors of 203843612.
2, 7, 7280129
What are the prime factors of 1158433504?
2, 2857, 12671
What are the prime factors of 402694528?
2, 881, 3571
What are the prime factors of 12077909?
12077909
What are the prime factors of 5342562477?
3, 7, 17, 43, 116009
What are the prime factors of 168286485?
3, 5, 17, 659947
List the prime factors of 114823833.
3, 307, 124673
List the prime factors of 32913865.
5, 47, 227, 617
List the prime factors of 30190083.
3, 7, 11, 130693
List the prime factors of 448398556.
2, 19, 61, 311
List the prime factors of 803609561.
199, 4038239
What are the prime factors of 747452116?
2, 101, 1850129
What are the prime factors of 135086422?
2, 1511, 44701
What are the prime factors of 83786567?
233, 359599
List the prime factors of 6281435061.
3, 11, 29, 27011
What are the prime factors of 5656323?
3, 1303, 1447
What are the prime factors of 686109322?
2, 343054661
What are the prime factors of 238476039?
3, 263, 409, 739
List the prime factors of 31157911.
31157911
What are the prime factors of 4901404?
2, 929, 1319
What are the prime factors of 34593957?
3, 3843773
List the prime factors of 485044845.
3, 5, 32336323
List the prime factors of 720323446.
2, 360161723
List the prime factors of 1767441370.
2, 5, 19, 9302323
List the prime factors of 98427121.
13, 582409
List the prime factors of 754380732.
2, 3, 7, 89, 100907
List the prime factors of 15838235.
5, 7, 452521
List the prime factors of 38467334.
2, 673, 28579
What are the prime factors of 898619304?
2, 3, 11, 41, 61, 1361
What are the prime factors of 1675896228?
2, 3, 46552673
What are the prime factors of 9036289?
569, 15881
List the prime factors of 67701164.
2, 353, 47947
List the prime factors of 2336106735.
3, 5, 51913483
List the prime factors of 1424073763.
7, 137, 223, 6659
What are the prime factors of 96380266?
2, 48190133
What are the prime factors of 134092788?
2, 3, 11174399
What are the prime factors of 203713437?
3, 67904479
What are the prime factors of 65828631?
3, 11, 1994807
List the prime factors of 7326709381.
83, 5009, 17623
What are the prime factors of 1176644766?
2, 3, 11, 17, 1048703
List the prime factors of 51895224.
2, 3, 720767
What are the prime factors of 42641079?
3, 13, 43, 47, 541
What are the prime factors of 161928952?
2, 20241119
List the prime factors of 757259404.
2, 11, 17210441
What are the prime factors of 66554093?
19, 3502847
What are the prime factors of 935209475?
5, 2063, 18133
List the prime factors of 100866802.
2, 50433401
List the prime factors of 7779691395.
3, 5, 7, 73, 338321
What are the prime factors of 1151515843?
19, 71, 911, 937
What are the prime factors of 1528554609?
3, 17, 53, 251, 751
List the prime factors of 186203167.
439, 523, 811
What are the prime factors of 141666618?
2, 3, 2447, 9649
What are the prime factors of 108726719?
108726719
List the prime factors of 9778996889.
62981, 155269
List the prime factors of 148619750.
2, 5, 37, 16067
What are the prime factors of 303921679?
303921679
List the prime factors of 5072275425.
3, 5, 7, 37, 73
What are the prime factors of 272432456?
2, 34054057
List the prime factors of 31407941.
31407941
List the prime factors of 272755863.
3, 10102069
What are the prime factors of 3184001379?
3, 13, 29, 127, 821
What are the prime factors of 157740896?
2, 31, 159013
List the prime factors of 88991941.
223, 399067
List the prime factors of 472864471.
472864471
What are the prime factors of 569950591?
7, 81421513
List the prime factors of 9421838.
2, 4710919
List the prime factors of 64808667.
3, 7, 11, 10391
List the prime factors of 91621128.
2, 3, 239, 15973
What are the prime factors of 25578892?
2, 6394723
What are the prime factors of 324000638?
2, 13, 37, 336799
List the prime factors of 588248324.
2, 1223, 120247
What are the prime factors of 48221078?
2, 17, 1418267
What are the prime factors of 3359986645?
5, 163, 199, 20717
List the prime factors of 164272934.
2, 7, 11733781
List the prime fa